et u = -129 + 133. Suppose -3*d = 2*r - u*d - 14, -5*r = -2*d - 37. Calculate the remainder when 131 is divided by r.
5
What is the remainder when 365 is divided by -4*(-29)/10 - ((-1070)/50 - -21)?
5
Let b = -141 + 144. Suppose 5*t - 403 = -4*q, -4*t + 324 = -b*q + 7*q. What is the remainder when t is divided by 21?
16
Let d(t) = -2*t**2 + t + 2. Let g be d(-2). Let u(z) = -z**3 + 4*z - 59 + 19 - 7*z**2 + 0*z**3 + 21. What is the remainder when u(g) is divided by 9?
4
Let x(z) = 4*z**2 + z - 3. Let t = 76 - 74. Let o be x(t). Suppose o = -i + 4*i. Calculate the remainder when 32 is divided by i.
2
Suppose -2*i + 4*t - 502 + 3728 = 0, -4*i + 3*t = -6472. Calculate the remainder when i is divided by 22.
15
Suppose -2*w - 10*w = 3*w. Suppose t - 279 + 262 = w. What is the remainder when 28 is divided by t?
11
Suppose -3*p + 217 = 5*y, -4*y - y - 5 = 0. Suppose 0 = -p*r + 201 + 1723. What is the remainder when (-2)/((-8)/102)*2 is divided by r?
25
Suppose 22 = 11*m - 55. Let g(a) = -a**2 + 2*a + 69. What is the remainder when g(0) is divided by m?
6
Let u = -1835 - -1851. Calculate the remainder when 81 is divided by u.
1
Let g = 16785 + -16534. Calculate the remainder when 8029 is divided by g.
248
Suppose 5*h - 1 - 11 = 2*l, 3*l + 3 = 0. Suppose 5*b = -5*p + 5, 4*b - 5*b - 2*p + h = 0. Let w = 18 + b. Calculate the remainder when w is divided by 7.
4
Suppose 2*z - 144 = -3*m - 0*m, 150 = 2*z + 2*m. What is the remainder when 644 is divided by z?
77
What is the remainder when (-66)/110*(-31215)/9 + 4 is divided by 22?
17
Let d(x) = -x**2 - 107*x - 2341. Let b be d(-31). Let c be (-2)/4 + 94/4. Suppose -7 - c = -b*n. What is the remainder when 23 is divided by n?
1
Suppose 888 = -3*w + 6*w + 7*a, 0 = -3*w - 3*a + 900. Suppose 152 = -0*j + 2*j + i, 0 = 4*j - i - 310. What is the remainder when w is divided by j?
72
Let g be (-46)/(-1) - (7 + (-8 - 1)). Suppose s + g = 20*o - 19*o, -5*s + 10 = 0. What is the remainder when o is divided by 8?
2
Let t be -1*(-5 + 9) + 13. Suppose -14*z = -t*z - 115. What is the remainder when ((-2)/6)/(11/(-2706)) is divided by z?
13
Let b = 322 - 370. Let c = b - -249. Calculate the remainder when c is divided by 29.
27
Suppose 538*w - 546 = 1071*w - 540*w. What is the remainder when 334 is divided by w?
22
Suppose -5*m = -156 - 199. Suppose 19*r - 8400 = -11*r. What is the remainder when r is divided by m?
67
Let z = -177 + 198. Suppose 647 + 1285 = z*m. Calculate the remainder when m is divided by 25.
17
Let j be (-11)/(-99)*63 - 2*2. Suppose -4*y + 33 = -b, -5*y + 25 = j*b - 29. What is the remainder when 89 is divided by y?
8
Suppose -5*k + 70362 = 10*k + 3*k. Calculate the remainder when k is divided by 24.
21
Suppose 0*u - 2*v - 1461 = -5*u, 5*v = -4*u + 1149. Let a = 296 - u. Suppose -4*w = -0*w - 28. What is the remainder when w is divided by a?
2
Let j(y) be the first derivative of -y**4/4 + 6*y**3 + 45*y**2/2 - 89*y + 41. Calculate the remainder when 55 is divided by j(20).
0
Let d be (((-492)/(-16))/(-3))/((-3)/12). Suppose 4*k + d - 149 = -4*y, -5 = y. Calculate the remainder when k is divided by 18.
14
What is the remainder when 11*(-75)/(-165) + (0 - (0 - 61)) is divided by 14?
10
What is the remainder when 7 - (180/420 - 8308/14) is divided by 86?
84
Suppose -576*g + 578*g = 350. Calculate the remainder when 365 is divided by g.
15
What is the remainder when 5298 is divided by (3478/70 - (-2)/(-7)) + 2373/3955?
48
Suppose -10*n + 13*n = 3*l - 15, -2*l - 2*n + 10 = 0. Let h(o) = 2*o**2 + 7*o + 18. What is the remainder when h(-4) is divided by l?
2
Let h(i) = 3*i**3 - 3*i + 5. Let u be h(2). Let g = u + 22. Calculate the remainder when 118 is divided by (2 - -2 - -4)*g/12.
28
Suppose m - 116 = 4*d + 6*m, -3*m + 116 = -4*d. Let x = 20 + d. Let z(a) = a**3 + 10*a**2 + 11*a + 26. Calculate the remainder when 85 is divided by z(x).
5
Let h(v) be the third derivative of -v**4/12 - 7*v**3/3 + 5*v**2. What is the remainder when h(-9) is divided by -3*4/(-6)*1?
0
Let w(n) = -n**3 - 18*n**2 + n + 18. Let h be 1/(159/54 + -1 - 2). Let g be w(h). Calculate the remainder when 69 is divided by 1*(g + 1) - -11.
9
Let f be (2 + -1)*(11 + -12). Let m be -2 + f*(-3 + -54). Suppose -2*t + m + 27 = 0. What is the remainder when t is divided by 14?
13
Let i = 65 + -42. Let h(z) = 7*z + 63. Let o(t) = t + 2. Let y(g) = h(g) - 6*o(g). What is the remainder when y(-7) is divided by i?
21
Suppose 3*t - 3253 = -5*s, -144*t + 139*t - 1979 = -3*s. Calculate the remainder when s is divided by 132.
125
Suppose -x + 72 = 2*x - 3*u, -72 = -3*x - 3*u. Suppose -3*i + 3*s = -39, 4*i = 5*s + 46 + 9. Calculate the remainder when x is divided by i.
4
Let y(j) = -j**2 + 6*j + 10. Let d be y(-5). Let t = d - -49. Suppose -3*q + 73 + 68 = t*v, -3*v + 2*q = -127. What is the remainder when 77 is divided by v?
38
Let v = 198 + -167. Suppose v + 401 = 12*z. Suppose 0 = -m + 3*s + 19, -2*s + 10 - 29 = -m. Calculate the remainder when z is divided by m.
17
Suppose 3*z - 3*x + 99 = 0, -3*z - 2*x + 0*x = 114. Let b be 1/(-2)*-2 - -56. Let d = b + z. What is the remainder when d is divided by 6?
3
Suppose -3*z = 5*y - 35, 1 = 3*y - z - 6. Suppose -11*l + y*l + 49 = 0. Suppose 0 = -8*r + l*r + 24. Calculate the remainder when 70 is divided by r.
22
Suppose -3*q + 976 = 4*i, -5*i - 666 - 594 = -4*q. Let g = 2 - -20. What is the remainder when g is divided by 40/q - (-23)/8?
1
Suppose -204 = -5*c - 12*c. Suppose 2*i + 5*l - 7*l - 324 = 0, -5*l = -4*i + 651. What is the remainder when i is divided by c?
3
Suppose 0 = 4*f - 11*f - 14. What is the remainder when 0 - (0/2 + -2) is divided by (-3)/f + 4/(-8)?
0
Let j be 1/(-3)*-11*-3. Let x(g) = -g - 8. Let u be x(j). What is the remainder when (-4 + 41/3)*u is divided by 10?
9
Let x(m) = -m**2 + 2*m + 29. What is the remainder when 3534 is divided by x(3)?
24
Suppose 4*b - 39*l - 2938 = -41*l, -b - 3*l + 742 = 0. What is the remainder when b is divided by 46?
43
What is the remainder when 1965 is divided by (97 - (-4 - -5))*((-25)/10)/(-5)?
45
Let y = 425 + -102. Suppose -4*z - 5*s - y = 0, 248 = -3*z + 6*s - 4*s. Let b = z + 106. What is the remainder when b is divided by 7?
3
Let l(k) = -7*k**3 + 913*k**2 - 354*k - 76. Calculate the remainder when l(130) is divided by 14.
12
Let v be (-1)/(-2)*(14 + -14). Suppose v = 9*a - 7*a - 332. What is the remainder when a is divided by 49*(-2 - 36/(-14))?
26
Suppose 0 = -4*p + 8 + 12. Suppose 3 = w + p*u, -u + 15 = -w + 3*w. What is the remainder when (-36)/45 + 462/15 is divided by w?
6
Suppose v + 10 = -5*p + 46, -3*v + p = -124. Let m(i) = 9*i**3 + i**2 - i - 4. What is the remainder when m(3) is divided by v?
40
Let t = -169 - -165. Let l(w) = -8*w + 22. What is the remainder when l(t) is divided by 21?
12
Let v(r) = -r**3 + 6*r**2 + 6*r - r**2 + 6*r**2 - 3*r + 26. What is the remainder when v(11) is divided by 17 + 0 + -2 + 0?
14
Let z = -7332 - -7479. What is the remainder when z is divided by 126?
21
Let o = -63 + 84. Calculate the remainder when (1299/o)/1 - 11/(-77) is divided by 18.
8
Suppose 1122 = 15*h - 1878. Let v = 246 - h. Calculate the remainder when 180 is divided by v.
42
Let t = -12 - -12. Suppose 0 = -t*u + 3*u - 99. Let v = -53 - -60. Calculate the remainder when u is divided by v.
5
Let s = 43 - -12. Let h = s - 38. Suppose -134 - 335 = -7*p. Calculate the remainder when p is divided by h.
16
What is the remainder when ((-1596)/(-8))/(64/640) is divided by 16?
11
Let z = 65 - 42. Suppose 25 + z = m. Let u(w) = 50*w**2 + 3506*w + 430. What is the remainder when m is divided by u(-70)?
8
Let m(h) = -4*h**3 + 261*h**2 - 43*h - 1398. Let r = 73 + -8. Calculate the remainder when r is divided by m(65).
1
Let y(u) = 3*u**2 + 27*u + 23. Let b = -121 - -129. What is the remainder when y(-10) is divided by b?
5
Let f = 8 + -29. Let z = f - -30. Let r = 19 - z. Calculate the remainder when 38 is divided by r.
8
Suppose 3*n = 172 - 31. Let a = 126 - -480. What is the remainder when n is divided by (-2)/8 - a/(-24)?
22
Suppose -16*k + 238 = k. What is the remainder when 304 is divided by (99/(-9))/((-2)/k)?
73
Let f be 4 - ((-1 - 0) + 0). Suppose -4*y + 50 = -2*x + 3*x, f*y - 55 = -x. Suppose -60*v = 8*v - 366 - 722. Calculate the remainder when x 